2842
In base 10, what is 62112 + -16?
62096
In base 15, what is -12e47 + 10?
-12e37
In base 2, what is 11101010100100011 + 1?
11101010100100100
In base 5, what is -14 + -301114?
-301133
In base 3, what is -22100 - -220120120?
220021020
In base 8, what is -1634 + -51?
-1705
In base 14, what is 17a4a2 - 5?
17a49b
In base 6, what is 3 + -11124400?
-11124353
In base 15, what is 109 + 59?
163
In base 2, what is -111100 + -1000110000?
-1001101100
In base 5, what is -3 + 40104221?
40104213
In base 12, what is 8ab665 - 5?
8ab660
In base 11, what is -1aa085 + -4?
-1aa089
In base 11, what is -2070 + 25?
-2046
In base 10, what is 288723 + 7?
288730
In base 13, what is -5c - -13a7?
1348
In base 16, what is 4 + 9a4e?
9a52
In base 3, what is 1202012 - 12001?
1120011
In base 10, what is -32 + -7597?
-7629
In base 16, what is 29e5 + 13?
29f8
In base 2, what is -110 - -110001000100101?
110001000011111
In base 14, what is -77391 - -5?
-7738a
In base 7, what is 13451 - 3?
13445
In base 2, what is -10 + 100111001000100?
100111001000010
In base 15, what is 26d4d + 0?
26d4d
In base 3, what is -20220 + 10110221?
10020001
In base 2, what is -10110 + -101000100?
-101011010
In base 7, what is -1430025 + 5?
-1430020
In base 14, what is 2 + -2717?
-2715
In base 3, what is 2102101 + 211?
2110012
In base 4, what is 1 + -1033102?
-1033101
In base 16, what is 12108 - -24?
1212c
In base 3, what is -202 + -1112002111?
-1112010020
In base 10, what is -83085 - 3?
-83088
In base 5, what is -10040 + 10023?
-12
In base 3, what is 200 - 201210111212?
-201210111012
In base 9, what is -12 - -4533?
4521
In base 15, what is 113da + 8?
113e3
In base 6, what is 3013552 + -14?
3013534
In base 10, what is -1 - 22835?
-22836
In base 12, what is -16bb28 - 8?
-16bb34
In base 12, what is a4b - -250?
109b
In base 7, what is -1 + -22300354?
-22300355
In base 8, what is 2 + 375561?
375563
In base 15, what is -27 + eba?
e93
In base 10, what is -111 - -4144?
4033
In base 4, what is -223131303 + -21?
-223131330
In base 4, what is 3 - -2000210?
2000213
In base 6, what is 3553 - -33?
4030
In base 11, what is -10a - 30?
-13a
In base 16, what is -134 + 185?
51
In base 6, what is -5125 - 130?
-5255
In base 11, what is 1 + -71a5?
-71a4
In base 16, what is 6c + -750?
-6e4
In base 2, what is 0 - -1010111100000001?
1010111100000001
In base 2, what is 101 + 11101001011011?
11101001100000
In base 8, what is 250 - -60672?
61142
In base 6, what is 4 + -110510?
-110502
In base 9, what is -741860 - -3?
-741856
In base 4, what is 12131 + -2?
12123
In base 4, what is -3 + 10123212?
10123203
In base 16, what is -1304 + 3d?
-12c7
In base 16, what is 7 - -3a76?
3a7d
In base 5, what is 13134 + 10220?
23404
In base 10, what is -16342 - 2?
-16344
In base 5, what is 11213 + 13330?
30043
In base 11, what is 1115 - 69?
1057
In base 12, what is 54 - 10672?
-1061a
In base 11, what is -1a29558 + -3?
-1a29560
In base 6, what is -3 - -3244404?
3244401
In base 8, what is -23 + -5?
-30
In base 3, what is 202121 - 122211?
2210
In base 9, what is -21050 + -3?
-21053
In base 2, what is -1 + 10110110000011111?
10110110000011110
In base 3, what is -10200210 + 220201?
-2210002
In base 10, what is 3 + -69819?
-69816
In base 12, what is 143 + ab?
232
In base 12, what is 0 + -6305?
-6305
In base 16, what is 2 - -ebef9?
ebefb
In base 13, what is 23 + 13121?
13144
In base 3, what is -102011020011 + 10?
-102011020001
In base 9, what is 153 + -334?
-171
In base 5, what is -130230 + -30?
-130310
In base 4, what is 0 - 1123020?
-1123020
In base 11, what is 677500 - -2?
677502
In base 10, what is 90 + 6983?
7073
In base 16, what is 2 - 2368?
-2366
In base 6, what is -1 + 34414?
34413
In base 15, what is -6c + 3bd3?
3b66
In base 13, what is 4 - 41aa4?
-41aa0
In base 7, what is 2234 - -6?
2243
In base 15, what is -15eb84 - -3?
-15eb81
In base 7, what is 1 - -431435?
431436
In base 10, what is -909 + 491?
-418
In base 4, what is 21031120 - -3?
21031123
In base 7, what is -56203350 - 1?
-56203351
In base 13, what is 5 - -430?
435
In base 9, what is -2007 + 270?
-1627
In base 7, what is -36152 + -160?
-36342
In base 13, what is -2b9 - -22b?
-8b
In base 5, what is 110401323 - -24?
110401402
In base 5, what is 42013 + 0?
42013
In base 11, what is a - -336a50?
336a5a
In base 3, what is 1202011101022 - -2?
1202011101101
In base 11, what is -35 + a61?
a27
In base 15, what is -11e65 + -5?
-11e6a
In base 9, what is 172153 - -4?
172157
In base 12, what is 4 - -786?
78a
In base 13, what is -38a - a2?
-45c
In base 14, what is 1 + -2cc4?
-2cc3
In base 6, what is -131334 - -312?
-131022
In base 4, what is 210330200 + -10?
210330130
In base 14, what is 711 - -3a?
74b
In base 10, what is -12 + -40?
-52
In base 16, what is -e + -334?
-342
In base 4, what is -121301022033 + 11?
-121301022022
In base 15, what is 7 + 13cb?
13d3
In base 8, what is -136 - -60162?
60024
In base 2, what is -101100100 - 1011100?
-111000000
In base 9, what is -283415 - 4?
-283420
In base 10, what is 1060385 + 4?
1060389
In base 13, what is -368 - 59?
-3c4
In base 2, what is -11001100 - -10111000000100?
10110100111000
In base 11, what is -23 - -68a5?
6882
In base 16, what is 1 - 5a20?
-5a1f
In base 11, what is -3354 - 73?
-3417
In base 13, what is 7798 + -19?
777c
In base 4, what is 3320 + 3323121?
3333101
In base 6, what is 2035 - -5332?
11411
In base 4, what is 30002312 + 0?
30002312
In base 6, what is 0 - -2013551?
2013551
In base 6, what is 1 + 4411443?
4411444
In base 14, what is -66 - 109?
-171
In base 12, what is 5 + 6298?
62a1
In base 7, what is 524340 + 0?
524340
In base 2, what is -100 + 110000101001010011111?
110000101001010011011
In base 6, what is 241405 - 11?
241354
In base 2, what is 101110010 - -101110?
110100000
In base 15, what is -1259d - -4?
-12599
In base 14, what is a50 - 44?
a0a
In base 15, what is -5e + 9ee?
990
In base 10, what is 2598731 - -3?
2598734
In base 16, what is a - 963?
-959
In base 11, what is -2 + -4626?
-4628
In base 12, what is 5133b - 4?
51337
In base 2, what is -1 + -1011100100011111?
-1011100100100000
In base 11, what is 102a6 + 1?
102a7
In base 14, what is -1 - 5388?
-5389
In base 5, what is 213222 - 1103?
212114
In base 8, what is 14 + 10520?
10534
In base 10, what is -4 + -2640?
-2644
In base 14, what is 4669 - 8?
4661
In base 7, what is -266 + 11030?
10431
In base 2, what is -11 + -1100010101011011?
-1100010101011110
In base 13, what is 15 - -b209?
b221
In base 6, what is 1540 - -144?
2124
In base 6, what is -5415 - -123?
-5252
In base 7, what is -2323 - 60?
-2413
In base 12, what is -178244 + -4?
-178248
In base 16, what is -12 + df7d?
df6b
In base 10, what is -5 + 22031?
22026
In base 9, what is 351 + -275?
65
In base 10, what is 19349 + 1?
19350
In base 9, what is 2 - -156461?
156463
In base 9, what is 1618 - 841?
667
In base 7, what is 24 + 642051?
642105
In base 8, what is -2 - -176111?
176107
In base 7, what is -10 - -35032?
35022
In base 7, what is 26 - -40232?
40261
In base 11, what is 1487 + 4?
1490
In base 3, what is -11 - -11212000211?
11212000200
In base 6, what is -21 + 44220?
44155
In base 6, what is -34433334 - 5?
-34433343
In base 2, what is 1101001 + 10001010?
11110011
In base 3, what is -20101221 - -11?
-20101210
In base 10, what is -155 - -468?
313
In base 8, what is -144 + -561?
-725
In base 15, what is -89 - -2d0b?
2c72
In base 4, what is 2002301 + 23?
2002330
In base 11, what is -1090 - 18?
-10a8
In base 5, what is 40133304 + -12?
40133242
In base 13, what is 4 + -5402?
-53cb
In base 13, what is -c - -68?
59
In base 5, what is 1 - -31432412?
31432413
In base 10, what is 3 - 390370?
-390367
In base 7, what is -513125 + -110?
-513235
In base 3, what is 22220101222 + 2?
22220102001
In base 16, what is -5 - -15c3d?
15c38
In base 16, what is -1b - -7c?
61
In base 5, what is -4 - 32044?
-32103
In base 2, what is 1011 - -1000000010100101?
1000000010110000
In base 3, what is 11 + -1101012221?
-1101012210
In base 15, what is -c9 + ce?
5
In base 9, what is 810 + 201?
1111
In base 12, what is -788 + 40?
-748
In base 15, what is -1 - 19e3?
-19e4
In base 2, what is -1001 - 1100110000111?
-1100110010000
In base 5, what is -44330401 + 1?
-44330400
In base 15, what is 3 + -5194?
-5191
In base 2, what is 10 + -10011000000001011101?
-10011